7, -3*i + 3*g + 69 = 0. What is the highest common factor of i and 14?
14
Let t = -1967 - -2055. Calculate the highest common divisor of 256 and t.
8
Suppose -a - a + 40 = 0. Let o(c) = -c**2 + c + 200. Let b be o(0). Let t be (-11 + 14)/(6/b). What is the greatest common divisor of t and a?
20
Let d(g) = -65*g - 394. Let t be d(-8). What is the greatest common divisor of t and 14?
14
Let o be (32/(-40))/((-2)/20). Let i = -6 + o. Let n be (33/i)/(2/4). Calculate the greatest common factor of n and 22.
11
Suppose 27*o = 454 + 59. What is the highest common factor of 171 and o?
19
Let b(x) be the first derivative of x**3/3 + x**2/2 - 5*x - 33. Let i be b(9). What is the highest common factor of 34 and i?
17
Let u = -1485 - -1887. What is the highest common divisor of 18 and u?
6
Let j = 52 - 36. Suppose 0*n + 3*n = 3*w + 3, -4*w - 36 = 4*n. Let q(r) = r**3 + 5*r**2 + 3*r + 17. Let l be q(w). What is the highest common factor of j and l?
2
Let q = 141 - 244. Let u = -48 - q. Suppose 4*t - 28 - 60 = 0. What is the highest common factor of u and t?
11
Suppose 5*p - 3*h = 19, 2*p = 6*p - 3*h - 17. Suppose -2*n - 3*g = -45, 4*g - 30 = -4*n + 3*n. What is the highest common factor of p and n?
2
Let g be (-1150)/(-1035) - 772/(-18). Calculate the greatest common divisor of g and 1254.
22
Let o(v) = v**3 - 2*v**2 - v - 4. Let c be o(3). Let n(k) = 0 - 1 - 4*k - k**3 + 6*k**c + 0. Let z be n(4). What is the greatest common factor of z and 45?
15
Suppose -27 = -5*k + 3*t, -2*k = -4*t + 5 - 13. Let q(l) = 7*l - 12. Let a be q(k). What is the greatest common divisor of a and 40?
10
Suppose -j = 2*s + 177, -3*s = 3*j - 0*j + 267. Let h = 148 + s. What is the highest common divisor of h and 15?
15
Let q(i) = -50*i - 10. Let j be q(-9). Let k be 3/39 - (-4671)/117. What is the highest common factor of k and j?
40
Suppose -v = 2*v - 27. Suppose -15*x = -v*x - 510. Calculate the greatest common factor of 17 and x.
17
Let l = 149 - 253. Let d be (-2 - l/6) + 6/9. What is the greatest common factor of 8 and d?
8
Let n = -315 + 344. Calculate the greatest common divisor of 493 and n.
29
Let k = -21 + -11. Let p = k - -36. Suppose 702 - 218 = p*z. What is the greatest common factor of z and 11?
11
Let l(s) = -s**3 + s**2 + 2*s + 44. Let w be l(0). Suppose 5*j - w = r, -5*j + 5*r = -69 + 9. What is the highest common factor of 32 and j?
8
Let n = 396 - 348. What is the greatest common factor of n and 240?
48
Let s(v) be the first derivative of 38*v**3/3 + v**2 - v - 24. Let h be s(-1). Calculate the highest common divisor of h and 280.
35
Let j be ((-14)/(-3) - 4)*1875. Calculate the greatest common divisor of 20 and j.
10
Let f be (7 - (7 - -3)) + 9 + 5. What is the highest common divisor of 44 and f?
11
Let g(w) = 16*w - 8. Let u be g(1). Calculate the greatest common divisor of u and 4.
4
Let a(c) = -c**2 + 14*c - 19. Let n be a(12). Suppose n*d - 97 = -17. What is the greatest common factor of d and 4?
4
Suppose 79 + 23 = o. Calculate the greatest common divisor of 12 and o.
6
Let b(x) = 4*x - 13. Suppose 6*m = 33 - 9. Let j be b(m). What is the highest common factor of j and 27?
3
Suppose 0 = -c + 4*a + 73, 0 = -51*c + 52*c - 2*a - 79. What is the greatest common factor of c and 153?
17
Suppose 6*w = 9*w - 33. What is the greatest common factor of 2 and w?
1
Let c be (-15 - -10 - 0)*-1*1. Suppose 13 = i - 5*d, -2*d + 3*d - 13 = -5*i. Let t = -2 + i. Calculate the greatest common factor of c and t.
1
Let i(h) = -h**3 + 11*h**2 - 5*h - 52. Let n be i(8). What is the highest common factor of 80 and n?
20
Suppose 5*d - 33 = -28. Let s be 26 + (0 - (-4 + d - -2)). Calculate the greatest common divisor of s and 216.
27
Let l = 49 - 10. Let y be l/5 - (-4)/(-5). Let h = -39 + 67. What is the highest common factor of h and y?
7
Suppose -3*q + 7*q - 172 = 0. Suppose -2*t + 0 = -4, q = 5*y - t. Calculate the highest common factor of 18 and y.
9
Let n be (604 - 211) + 1*-1*1. Calculate the greatest common factor of n and 24.
8
Suppose -u = -2, -3*n + n = -3*u - 8. Suppose -265 = -5*g + 95. Let r = 79 - g. Calculate the highest common divisor of r and n.
7
Let b be (12*1*-2)/(102/(-272)). Calculate the greatest common factor of 1 and b.
1
Let v(n) = -6*n**2 + 75*n - 54. Let y be v(10). Calculate the greatest common factor of 224 and y.
32
Let o be -10*(-2)/4 - 2. Let g be (2/(-6))/(o/(-198)). Calculate the greatest common factor of 44 and g.
22
Let i be -95*64/(-80) - -14. Let v(n) = n**2 - n - 6. Let w be v(7). What is the greatest common divisor of i and w?
18
Let m = -13 + 16. Suppose 3*z = c - 20, -m*z - 3 = -4*c + 23. Let g be (z - -42)*(-3)/(-9). What is the greatest common divisor of 30 and g?
6
Suppose 2*a - 44 = 2*d, -2*a - 5*d + d = -68. What is the greatest common factor of a and 117?
13
Suppose 8*a - 16 = -8. Let d(z) = 6*z**2 + 2*z - 3. Let c be d(a). Calculate the highest common factor of 55 and c.
5
Let w be 1 - (-2 - -5) - 222*-1. Suppose 2*z + 3*a - 106 + 16 = 0, -w = -5*z - 5*a. Calculate the highest common divisor of z and 252.
42
Let y be ((-2048)/(-24))/(6/9). What is the highest common divisor of y and 1472?
64
Suppose -17*u + 20*u = -3*m, -5*m = 3*u - 8. What is the greatest common factor of 332 and m?
4
Suppose 5*s + 6 = 4*z, 4 - 2 = -4*z + s. Let d = z + 49. Calculate the highest common divisor of d and 240.
48
Let x = -3 + 5. Suppose -326 = -x*b + 186. Calculate the greatest common divisor of 32 and b.
32
Let g(a) = -a**2 - 14*a - 3 - 2 + 8 + 6*a. Let h be g(-7). Calculate the highest common factor of h and 170.
10
Suppose 28 - 1 = -3*f. Let q = f + 14. What is the highest common divisor of q and 5?
5
Let v(m) = -60*m - 107. Let k be v(-15). Calculate the highest common divisor of 26 and k.
13
Let l = -689 - -1091. Calculate the highest common divisor of 6 and l.
6
Let k = 10 - 6. Let a(p) = 7*p**2 - 6 - 9*p + p**3 - 9*p - k + 6*p. Let m be a(-8). Calculate the highest common factor of 11 and m.
11
Suppose 0 = 5*z - 5. Let i(r) = 125*r**2 - r + 1. Let g be i(z). Suppose -4*p + g = -195. What is the greatest common factor of 10 and p?
10
Suppose -5*g = 5*w - 35, -2*g = -5*w - 0*w. Let h be 49 + w*(-3)/6. Suppose 2 = -f, -3*a + 44 = 34*f - 32*f. Calculate the greatest common divisor of a and h.
16
Suppose z - 3*x + 1 = -x, 0 = -3*z + x - 28. Let l(m) = m**2 + 4*m - 2. Let o be l(z). Calculate the greatest common divisor of o and 15.
15
Suppose -3*u + 2*y = 4, 1 = 5*y - 24. Suppose 2*s + 14 = t + 1, -2 = -u*s. What is the greatest common factor of 5 and t?
5
Let r = -469 - -625. Calculate the highest common factor of r and 91.
13
Suppose 0 = -3*w + 129 - 45. Let y be ((-2)/(-1))/(2/w). Let j = y - 17. Calculate the greatest common divisor of j and 33.
11
Let p(t) = 13*t**2 + 19*t - 8. Let r be p(-8). Calculate the highest common divisor of r and 32.
32
Suppose 4*q = 4*p + 104, q - 3*p + 8 = 42. Let k be q/4*(2 - 0). Let v(y) = 21*y**2 + 2*y. Let j be v(2). What is the highest common divisor of j and k?
11
Suppose -6*m + m = -40. Suppose -6 = -y + f, -4*f + m - 40 = -5*y. Suppose 3*k = 6*k - 15, -s + 4*k - 12 = 0. What is the highest common divisor of s and y?
8
Let m = -23 - -25. Let u be m/(-9) + (-870)/(-27). Let i = -17 + u. Calculate the highest common factor of 60 and i.
15
Suppose -2*d - 2*d + 12 = 0. Suppose 3*m + 4*s = -13 + 2, m + 7 = -d*s. Let n be ((2 - 2) + -4)*m. What is the greatest common factor of 4 and n?
4
Suppose -19*n + 708 = -185. Calculate the greatest common divisor of 235 and n.
47
Let d(f) = -f**2 - 11*f - 17. Let i be d(-7). Let u be 1032/132 + 2/i. Suppose -u*c + 630 = -3*c. Calculate the greatest common factor of c and 18.
18
Suppose 3*r - 2202 = -4*d, -6*d = 5*r - 2*d - 3678. What is the highest common factor of 18 and r?
18
Let u(d) = -2*d**2 + 34*d + 45. Let y be u(12). Calculate the highest common divisor of 396 and y.
33
Suppose 3*i - 710 = 82. Calculate the greatest common factor of i and 99.
33
Let w(n) = 4*n - 11. Let b be w(4). Suppose -b*q - 85 = -2*k + 23, 2*k = -3*q + 76. Calculate the greatest common factor of 4 and k.
4
Let x = -19 + 22. Let d = 12 + x. Let q be (-5)/d + 68/6. Calculate the highest common factor of q and 11.
11
Suppose f = -4*r + 613, r = -4*f - f + 158. Calculate the greatest common div